{"id":23,"date":"2024-04-24T15:38:14","date_gmt":"2024-04-24T13:38:14","guid":{"rendered":"https:\/\/dev.twyst.it\/?post_type=product&#038;p=23"},"modified":"2024-04-24T15:40:57","modified_gmt":"2024-04-24T13:40:57","slug":"cocktailmaschine","status":"publish","type":"product","link":"https:\/\/dev.twyst.it\/?product=cocktailmaschine","title":{"rendered":"Cocktailmaschine"},"content":{"rendered":"<p>Jetzt einfach deine Cocktailmaschine mieten f\u00fcr Hochzeit, Firmenfeier, Geburtstag, Veranstaltung etc.<br \/>\nMit deiner vollautomatischen Cocktailmaschine von twyst it hast du auf deiner n\u00e4chsten Feier einen zuverl\u00e4ssigen Cocktailautomaten. Mit 60 Cocktails ist f\u00fcr jeden Gast ein leckeres Rezept dabei. Mit twyst it hast du die Auswahl aus 34 alkoholischen und 26 alkoholfreien Cocktails.<\/p>\n<p>twyst it, shake it, love it \u2014 Deine digitale Cocktailbar<\/p>\n","protected":false},"excerpt":{"rendered":"<p>Jetzt einfach deine Cocktailmaschine mieten f\u00fcr Hochzeit, Firmenfeier, Geburtstag, Veranstaltung etc. Mit deiner vollautomatischen Cocktailmaschine von twyst it hast du auf deiner n\u00e4chsten Feier einen zuverl\u00e4ssigen Cocktailautomaten. Mit 60 Cocktails ist f\u00fcr jeden Gast ein leckeres Rezept dabei. Mit twyst it hast du die Auswahl aus 34 alkoholischen und 26 alkoholfreien Cocktails. twyst it, shake [&hellip;]<\/p>\n","protected":false},"featured_media":24,"comment_status":"open","ping_status":"closed","template":"","meta":[],"product_cat":[15],"product_tag":[],"class_list":{"0":"post-23","1":"product","2":"type-product","3":"status-publish","4":"has-post-thumbnail","6":"product_cat-unkategorisiert","8":"first","9":"instock","10":"taxable","11":"shipping-taxable","12":"purchasable","13":"product-type-simple"},"_links":{"self":[{"href":"https:\/\/dev.twyst.it\/index.php?rest_route=\/wp\/v2\/product\/23","targetHints":{"allow":["GET"]}}],"collection":[{"href":"https:\/\/dev.twyst.it\/index.php?rest_route=\/wp\/v2\/product"}],"about":[{"href":"https:\/\/dev.twyst.it\/index.php?rest_route=\/wp\/v2\/types\/product"}],"replies":[{"embeddable":true,"href":"https:\/\/dev.twyst.it\/index.php?rest_route=%2Fwp%2Fv2%2Fcomments&post=23"}],"wp:featuredmedia":[{"embeddable":true,"href":"https:\/\/dev.twyst.it\/index.php?rest_route=\/wp\/v2\/media\/24"}],"wp:attachment":[{"href":"https:\/\/dev.twyst.it\/index.php?rest_route=%2Fwp%2Fv2%2Fmedia&parent=23"}],"wp:term":[{"taxonomy":"product_cat","embeddable":true,"href":"https:\/\/dev.twyst.it\/index.php?rest_route=%2Fwp%2Fv2%2Fproduct_cat&post=23"},{"taxonomy":"product_tag","embeddable":true,"href":"https:\/\/dev.twyst.it\/index.php?rest_route=%2Fwp%2Fv2%2Fproduct_tag&post=23"}],"curies":[{"name":"wp","href":"https:\/\/api.w.org\/{rel}","templated":true}]}}